the greatest common divisor of g and d.
14
Suppose 2*j + 2*g - 37 = -3*g, 0 = -j - g + 23. Suppose -4*r = 4*k + r + 69, 83 = -5*k - 3*r. Let w = 29 + k. Calculate the highest common divisor of j and w.
13
Suppose 5*q - 12 = 2*r, 0 = -4*r + 3*q + 2*q - 4. Suppose 5*w = r*w + 89. Let h = w + 373. Calculate the highest common divisor of h and 42.
42
Let c be (8/(-60) - 64/(-30))/((-1)/(-8)). Calculate the highest common factor of 400 and c.
16
Let z = 187 + -97. Suppose -13*a - 69 = -5*v - 16*a, 37 = 4*v + 5*a. Calculate the greatest common divisor of v and z.
18
Let u(l) = 13*l - 497. Let h be u(59). What is the highest common factor of h and 360?
90
Suppose s + 3 = 7. Suppose 5*t - 2*l + 7*l = 60, s*t - 52 = -3*l. Let z(r) = 53*r - 1338. Let u be z(26). Calculate the highest common divisor of u and t.
8
Suppose 137*l = 134*l + 18. Let y be 13*(-2 + 20) - l. Calculate the highest common divisor of 12 and y.
12
Let t be (219 - 217)*5*348. Calculate the greatest common factor of 120 and t.
120
Let r = 38809 + -38757. Suppose 129 = 3*l - 2*g - g, g + 4 = 0. Calculate the greatest common divisor of r and l.
13
Let h = -1 + 33. Suppose 2*z = 8, -21*l + 22*l - 4*z - 32 = 0. What is the greatest common divisor of l and h?
16
Let b = -457 + 773. Let d = -218 + b. Let a be (2/5)/(34/1190). Calculate the highest common factor of d and a.
14
Suppose 4*c + 6 = -2*m, -9 = -10*m + 11*m + 4*c. Suppose 2*j + 36*x + 14 = 41*x, m*x = 4*j. What is the highest common factor of j and 216?
3
Let f(y) = -y**3 - 6*y**2 - 6*y - 8. Let m be f(-6). Suppose -114*i + 2054 + 11953 = -3549. Calculate the greatest common factor of m and i.
14
Suppose 299*i - 8558 - 9160 = -1871. Suppose -7 = -5*a - 2. What is the greatest common divisor of a and i?
1
Let s be -295 + (-2)/(-1 + 3). Let c be 5*((-3)/(-30))/((-2)/1668). Let k = s - c. What is the highest common factor of 11 and k?
11
Let c(y) = 7*y**2 - 54*y + 225. Let d be c(5). Calculate the highest common divisor of d and 470.
10
Let h(k) = 14*k**2 + 108*k - 86. Let x be h(-9). Calculate the highest common divisor of 2660 and x.
76
Let v(o) = -3*o + 48. Let b be v(-14). Let r = 94 - b. Suppose -l - r*l = -40. Calculate the highest common divisor of l and 1.
1
Suppose 19 = 2*k - 53. Let b be 1726/8 + 9/k. Let m be (-162)/(-11)*330/90. What is the greatest common factor of m and b?
54
Suppose 0 = -p + f + 37 + 1, 0 = -3*p + 5*f + 112. What is the greatest common divisor of 3 and p?
3
Suppose -4*w + 352 = -4*n, 21 = 4*n + 1. What is the highest common divisor of w and 11625?
93
Suppose -3*f + 16 = f, -4*f + 32 = 4*o. Suppose o*r - 80 = -z, 2*r = 5*r - 9. Let j = 6 - -11. Calculate the greatest common divisor of j and z.
17
Suppose 2*d + z = 35, 5*z - 6*z + 52 = 3*d. Let r = 216 + 56. What is the highest common divisor of d and r?
17
Suppose 3*t = 15, 2*t = 3*u + 5*t - 150. Let j be 8503/44 - (-14)/8. What is the highest common divisor of u and j?
15
Let r = 355 + 168. Let s = r + -448. Calculate the highest common factor of s and 6.
3
Let o(a) = a**3 - 6*a**2 + 6*a. Let u be o(5). Suppose -46*i - 15*i = 35*i + 35*i - 4585. Calculate the greatest common divisor of i and u.
5
Let o = -7621 - -11061. Calculate the highest common factor of o and 43.
43
Suppose 3 = -3*m + 48. Suppose -4*u + 279 - m = 0. Calculate the greatest common factor of u and 297.
33
Suppose -2*p + 6 = 4*m, 3*m - 5*p - 7 = 4. Suppose -9 = -m*d + 41. Calculate the greatest common divisor of 20 and d.
5
Suppose -4*q + k + 91 = 0, -3*k + 111 = 25*q - 21*q. Calculate the highest common divisor of q and 696.
24
Let h = -2574 - -2578. What is the greatest common factor of h and 58?
2
Let r be -3 + 0 - (-24 - -25 - 119). Calculate the highest common factor of r and 69.
23
Suppose -29 = -t + 3*l, -l - 16 - 42 = -2*t. Suppose -3*p + 102 = 2*u, 3*u - 6 = p - t. Let r = 26183 + -26119. What is the highest common divisor of p and r?
32
Let m be ((-228)/8)/19*(-68 - -8). Calculate the highest common divisor of 72810 and m.
90
Let v = -45 - -120. Let h = 42 - v. Let a = h + 51. Calculate the highest common factor of a and 90.
18
Let l be (-3 - -1 - -1132)*9/18. Suppose l = 9*s + 7. Suppose 0 = -2*u - 0*u + s. Calculate the highest common factor of u and 248.
31
Let z be 30060/100 - (24/(-15))/4. Let c = -151 + z. Suppose -4*q + 3*m = -126, -2*m + 47 = 4*q - 69. Calculate the highest common factor of q and c.
30
Suppose 3*b + 3*y = -2*y - 409, -b - 143 = 5*y. Let d = 141 + b. Let l be (-1)/d - (-2180)/32. What is the greatest common factor of l and 17?
17
Suppose 47*g - 52*g = -1705. Suppose 0 = -2*h, 24*h = -2*j + 3*j + 23*h - 31. Calculate the greatest common divisor of j and g.
31
Suppose -31*m + 17 + 107 = 0. Let w be (m - 7) + 155 + 1. Let b = -7 - -16. Calculate the highest common factor of w and b.
9
Suppose 0 = -4*k - 32, -31*q + 2*k + 93 = -30*q. Calculate the greatest common divisor of q and 2009.
7
Suppose 285113 - 27191 = 105*c - 325983. Calculate the greatest common divisor of 134 and c.
67
Suppose -4*a - 594 = -58*a. Let l(n) = -n**3 - 13*n**2 - 7*n - 15. Let y be l(-13). Suppose -287 - y = -3*z. What is the greatest common divisor of a and z?
11
Suppose 29*l = -74*l + 13*l + 455580. Calculate the highest common divisor of 2 and l.
2
Let r(v) = -v + 2. Let m be r(0). Suppose -m*f = -5*s + 86, -2*s + 20 + 18 = -2*f. Calculate the highest common factor of s and 32.
16
Let p be ((-8)/1)/(15 - (25 + -6)). Calculate the greatest common divisor of p and 1234.
2
Let v be 6*1/3 + 1/1. Suppose 0 = -3*g + v. Let z be (2 - -3) + (-1 + g)*-1. What is the greatest common divisor of z and 20?
5
Suppose 2*y - 4*c - 22 = y, -c = -4*y + 13. Suppose -4*u - y*t + 4*t = -206, 3*u + t = 162. Let q = u - 29. What is the highest common factor of 6 and q?
6
Let v = 5 - 3. Suppose v*b - 47 = -5. Suppose 7*g + 4*r = 763, -15*g + 10*g = 3*r - 546. What is the highest common factor of g and b?
21
Let j be (-9)/(-6) - (-510)/12. Suppose -155 = -5*d - 5*x, -x + 45 = 3*d - j. What is the highest common factor of d and 87?
29
Suppose -w - 4*w + 60 = 0. Let f(z) = 13*z - 4. Let a(c) = -c - 4. Let o(t) = 6*a(t) + f(t). Let s be o(w). What is the highest common factor of 84 and s?
28
Let g(a) = 11*a - 7. Let h be g(5). Suppose -286*p + 385 = -2745 - 1446. What is the highest common factor of h and p?
16
Let u(v) = -v**2 - 11*v**3 + 29*v**3 - 16*v**3 + 8 + v. Let y be u(0). Calculate the greatest common factor of 32 and y.
8
Let l = -140 - -138. Let c be 286 - (l/12 + (-18)/(-108)). What is the highest common divisor of 44 and c?
22
Let n(o) = 150*o**2 - 6*o + 2. Let k be n(1). Let f = 38 + k. Calculate the highest common factor of 69 and f.
23
Let i = -27 - 19. Let u = i + 568. Calculate the highest common factor of 36 and u.
18
Suppose -c - 4*u + 9 = 68, -2*c - 88 = 2*u. Let j = -48 - -92. Let g = c + j. Calculate the highest common factor of g and 45.
5
Suppose 335 + 144 + 581 = 20*u. Let z be 24/9 - (-2)/6. Let w be 477 + -2 + (z - 1). Calculate the highest common divisor of w and u.
53
Let a be 15/(-25)*(5 + -30). Let r(n) = -n**3 + 18*n**2 - 46*n + 23. Let s be r(a). What is the greatest common factor of s and 832?
8
Let k be (-75)/6 - -11 - ((-415)/10 - -5). Calculate the highest common divisor of 1375 and k.
5
Let w(d) = -2*d - 7. Let n be w(-14). Suppose 5*v - n = -g, 5*v - 4*v = -g + 9. What is the highest common factor of g and 6?
6
Let n be -1*(-1)/(3/105). Let x(c) = -3*c + 17. Let g be x(5). Suppose 2*l - 7*t = -12*t + 70, -g*l = -2*t - 70. What is the highest common divisor of n and l?
35
Let x(d) = 103*d**2 + 14*d + 1. Let p be x(-2). Let q be (55/(-2))/(5/(-10)). What is the highest common factor of q and p?
55
Suppose -8*g - 687 = -743. What is the greatest common factor of g and 1057?
7
Let h(x) = x**2 - 8*x + 10. Let p be h(7). Let o(b) = 11 - p*b + b**2 + 1 + 18*b + 8. Let u be o(-14). Calculate the greatest common divisor of 18 and u.
6
Suppose -4*a - 5*x = 112 - 3794, 3*a - 4*x = 2746. Calculate the greatest common divisor of 90 and a.
18
Let i(f) = -36 - 20 + 9*f**2 - 56 - 5*f**2. Let y be i(6). What is the highest common divisor of 32 and y?
32
Let b be 8/10*(-175)/(-10). Suppose -28*m - 150 = -22*m. Let t be 210/m*(-90)/27. What is the highest common factor of b and t